= -i**2 + i. Let k(t) = v*z(t) + 2*g(t). What are the prime factors of k(-3)?
2, 3
Let w(h) = -h**3 - 3*h**2 - 3*h - 3. Let d be w(-3). Let y(l) = l**2 - 5*l + 2. What are the prime factors of y(d)?
2
Let q = -4 + 20. List the prime factors of q.
2
Suppose 0 = -5*d + 4*b + 15, -2*d + 3*b - 1 = -0. Suppose 0 = -d*l + 4*l + 30. Let q = -6 + l. List the prime factors of q.
2
Suppose -2*x = -7*x - 10, -w - 4*x = 31. Let m = 38 + w. What are the prime factors of m?
3, 5
Let l(m) be the second derivative of m**5/20 + m**4/4 - m. Let u be l(-3). Suppose u = t + 5*b, -4*b - 24 = -4*t - 0*b. List the prime factors of t.
5
Suppose 0*k + 3*k - 54 = 0. What are the prime factors of k?
2, 3
Suppose 150 = 5*w - c, -2*c + 118 = 3*w + 3*c. What are the prime factors of w?
31
Suppose -585 = -5*i - 4*p, -3*i + 2*p + 388 = -3*p. What are the prime factors of i?
11
Suppose -4*l - l = 4*n + 141, -5*l - 5 = 0. Let a = -30 - n. What are the prime factors of a?
2
Let c(p) = p**2 + p - 1. Let f(r) = -r**3 - 1. Let m(d) = -3*c(d) - f(d). What are the prime factors of m(4)?
2
Suppose -5*p + 95 = -2*s + 3*s, -2*p + s + 45 = 0. Let m = p + -4. List the prime factors of m.
2
Let m(a) = -a**3 - 4*a**2 - 4*a. Let t be (-1 + 7)*3/(-6). Let x be m(t). Suppose 4*n - n = -3*z + 51, 4*z + x*n - 66 = 0. List the prime factors of z.
3, 5
Let w = 4 - 11. Let s be 2/(-7) + 222/w. What are the prime factors of 4/(-6) - s/3?
2, 5
Let z(s) = -s**2 + 21*s - 16. Suppose -4*r + 58 = -14. List the prime factors of z(r).
2, 19
Let f(z) = -11*z + 12. Let c be f(6). Let r = c + 81. What are the prime factors of r?
3
What are the prime factors of (13/3)/(-3*(-1)/9)?
13
Suppose -2*f - 7 = -99. Let a = f - 19. What are the prime factors of a?
3
Let y(m) = 3*m**2 - 3*m. Let q be y(2). Suppose -4*t + 4 = -4*r - 8, 0 = 5*t - r - 3. Let j = t + q. List the prime factors of j.
2, 3
Let v(i) = -i**3 - 5*i**2 - 13*i + 8. List the prime factors of v(-5).
73
Let j = 19 - -6. What are the prime factors of j?
5
Let i be (-6)/(-8)*(-8)/1. Let p = 8 + i. Suppose -t = -5*v + 16, t = -0*v - v + p. List the prime factors of v.
3
Let j(d) = -3*d**3 - 8*d - 1. Let n(c) = -7*c**3 - c**2 - 17*c - 2. Let g(s) = -9*j(s) + 4*n(s). What are the prime factors of g(-5)?
2, 3
Suppose 2*t - 4 = 2*k, k - 6*k = -4*t + 5. List the prime factors of 0*k/(-6) + 10.
2, 5
Let z = 96 - 60. List the prime factors of z.
2, 3
Let m(x) be the second derivative of x**5/20 - x**4/6 - x**3/3 + 2*x**2 + 2*x. What are the prime factors of m(4)?
2, 7
Suppose -10*r + 96 = -7*r. What are the prime factors of r?
2
Let r(i) = -i**2 - 1. Let v be r(0). Let o be 1*(v - -2) - -2. Suppose d - 5*d + 72 = -5*f, o*d - 27 = -3*f. What are the prime factors of d?
13
Suppose -97 = -2*v - 4*s + 75, -3*v + 254 = 5*s. List the prime factors of v.
2, 3, 13
Let i = -10 - -5. Let j = -2 - i. Suppose -2*a = j*a - 40. What are the prime factors of a?
2
Let a(j) = j**2 + 7*j - 8. Let u(c) = c - 1. Let d(z) = a(z) - 4*u(z). Let r = 4 - 9. List the prime factors of d(r).
2, 3
Let s(r) = 10*r - 7. Let p be s(6). Let f = 87 - p. Let u = f - 24. What are the prime factors of u?
2, 5
Let o be (15/12)/(2/48). Suppose 4*p - o = 50. List the prime factors of p.
2, 5
List the prime factors of (1 - (-81)/(-6))*(-16)/5.
2, 5
Let t be (-2)/9 + (-498)/(-54). Let p = -6 + t. Suppose -a + 5*o = 1, -p*o + 12 = o. What are the prime factors of a?
2, 7
Let d = 0 - -3. Suppose 0 = 3*p + 2*y - 138, -p + 92 = p - d*y. List the prime factors of p.
2, 23
Let s(b) = b**2 - 4*b - 18. Let y be s(8). Let r = y - -27. List the prime factors of r.
41
Let b be (-2)/(-4)*-2 - 0. Let v = b + -1. What are the prime factors of (18/4)/(v/(-4))?
3
Let h = 29 + -30. Let s(x) = -2*x + 1 - 6*x + 2*x. What are the prime factors of s(h)?
7
Let q(k) = -2*k - 2. Let u(n) = n**2 - 6*n - 5. Let s be u(6). List the prime factors of q(s).
2
Let n = 8 + -6. Let q(v) = -2*v**3 + n*v + 3 - v**2 + 0 - 3. List the prime factors of q(-2).
2
Suppose -u = 1 - 2. Let q(v) = 47*v**2. List the prime factors of q(u).
47
What are the prime factors of ((-118)/(-6) - (-18)/(-27))*8?
2, 19
Let d(i) = -i**3 + 4*i**2 - 4. Let g be d(4). Let f(s) = s**3 + 3*s**2 - 4*s - 2. Let q be f(g). Let h = 6 - q. List the prime factors of h.
2
Let i = 116 + -82. What are the prime factors of i?
2, 17
Let r = -6 + 6. Let u(s) = -s + 15. List the prime factors of u(r).
3, 5
Let m(g) = -g + 13. Let f be m(8). Suppose -3*r - x - 3*x = -21, f*r = -4*x + 27. List the prime factors of r.
3
What are the prime factors of 620/50*10/4?
31
Suppose -3*o = 4*n + 140, -5*n + 8 + 114 = -3*o. List the prime factors of ((-12)/4)/(6/o).
2, 11
Let m(z) be the second derivative of -2/3*z**3 - 3/2*z**2 + z + 0. List the prime factors of m(-4).
13
Let r be 0/6 + 1 + -1. Suppose -3*d + r*d = -15. What are the prime factors of d?
5
Let t(h) = -h**2 - 2*h + 5. Let k(v) = -2*v**2 - 4*v + 9. Let l(w) = -3*k(w) + 5*t(w). Suppose 0*c = -4*c - 16. List the prime factors of l(c).
2, 3
Suppose -3*m - 20 = -7*m. Let a = m - 1. Suppose -4*i + 16 = a. List the prime factors of i.
3
Let b(k) = k**2. Let g be b(-2). Let h(u) be the first derivative of 3*u**2 - 3*u + 1. What are the prime factors of h(g)?
3, 7
Let c(z) = -z + 4. Let m be c(2). Suppose 26 + 2 = m*a. List the prime factors of a.
2, 7
Suppose 5*c + 17 - 87 = 0. Suppose -h + 3*h = 50. Let l = h - c. What are the prime factors of l?
11
Let w(y) = y**3 + 2*y**2 - 4*y + 1. Let x be w(-3). Suppose z = t + 1, x*z + 0*t + 2*t = 16. Suppose -z*p = p - 28. List the prime factors of p.
7
Suppose 4*o - 16 = 3*o - 4*j, -4*o - 4*j = -16. Let z be -2*(-7 - (1 - o)). Let s = 30 - z. What are the prime factors of s?
2, 7
Let l be (3/(-4))/(2/(-8)). List the prime factors of (l - (1 - -1)) + 25.
2, 13
Let u = -2 + 5. Suppose -5*j + u = -2*j. List the prime factors of (-4)/(-8)*(5 - j).
2
Suppose -46 = -5*i + 19. Suppose 2*a + i - 29 = 0. List the prime factors of (-4)/(a/(-2) - -2).
2
Let z(a) = -3*a**3 - a**2 - a + 2. Let y be z(1). Let l(v) = -v**3 - v**2 - v + 6. Let b be l(0). Let w = y + b. What are the prime factors of w?
3
Let j = -24 - -87. What are the prime factors of j?
3, 7
Suppose f - 6 = 2. What are the prime factors of f + 0/(-1 - -4)?
2
Let b be 125/10*6/5. Suppose u - b = -4*u. Suppose -r = -u - 16. List the prime factors of r.
19
Let v = -21 + 14. Let r = v - -5. List the prime factors of (0 - r) + -4 + 5.
3
Let q be (0 + -1)*2*-1. Let r be 2/8 - q/8. Suppose r = 2*x + 4*p - 28, 0 = -2*x - 2*x - 2*p + 44. What are the prime factors of x?
2, 5
Suppose 2*n = -0*n + 10. Suppose n*p + 8 = -2. What are the prime factors of p/(-6) - (-26)/3?
3
Let s(h) = 99*h**2 - 1. Let b be s(-1). Let n = b - 60. List the prime factors of n.
2, 19
Let b = 1 + 9. Suppose -8*s + 3*s = -b. List the prime factors of s.
2
Suppose 0 = -o - 3*o. Let x = 0 + 2. Suppose o*p + 42 = x*p. List the prime factors of p.
3, 7
Let o(n) be the first derivative of n**3/3 + n**2/2 + 2. Let a be o(1). Let v(k) = k**3 - k**2 - 2. List the prime factors of v(a).
2
Let o = 3 + -3. Suppose -4 + o = 2*l. List the prime factors of (l + 14/(-4))*-2.
11
Let t be 0 + 17 - (7 - 10). Suppose 4*a + 5*b + t = 0, -5*b - 20 = -5*a - 0*a. Suppose -4*i + 80 + 8 = a. What are the prime factors of i?
2, 11
Suppose k = 4 - 3. Suppose 0 = -3*f - k + 16. Suppose 53 - 3 = f*d. List the prime factors of d.
2, 5
Suppose -67 = -2*c + 5*r - 16, 4*c - 3*r - 109 = 0. Let l(z) = -2*z**2 - 2*z + 2. Let o be l(2). Let g = o + c. What are the prime factors of g?
2, 3
Suppose 10*h - 6*h + 3*a = 607, 3*h - 4*a - 424 = 0. List the prime factors of h.
2, 37
Let i(p) = 0 - 1 + 2 + 4*p. List the prime factors of i(3).
13
Suppose 3*l + 16 = 11*l. What are the prime factors of l?
2
Suppose -4*h - 5*p + 13 = 0, -3*h + 0*h = -p - 5. Let f(b) = 4*b + 2. List the prime factors of f(h).
2, 5
Let i = 1 + -5. List the prime factors of -1 + 4/(i/(-19)).
2, 3
Let y(k) = 2*k**3 + 18*k**2 + 6*k - 7. What are the prime factors of y(-8)?
73
Suppose -q - 2 = -4*u, -5*q - 10 = 3*u - 0*u. Suppose u = -z - z - 4. Let y(a) = a**3 + 3*a**2 - a - 1. List the prime factors of y(z).
5
Let o(w) = -w**2 + 13*w + 7. List the prime factors of o(11).
29
Let b = -3 - -3. Suppose 36 = 4*d - 4*f, -3*d + 2*f + 1 + 23 = b.